{"id":25878,"date":"2023-10-01T15:09:50","date_gmt":"2023-10-01T18:09:50","guid":{"rendered":"https:\/\/cecapro-alberdi.com\/?post_type=product&#038;p=25878"},"modified":"2026-04-19T22:00:31","modified_gmt":"2026-04-20T01:00:31","slug":"asesoramiento-personalizado","status":"publish","type":"product","link":"https:\/\/cecapro-alberdi.com\/index.php\/producto\/asesoramiento-personalizado\/","title":{"rendered":"Asesoramiento Personalizado"},"content":{"rendered":"<p>Los primeros clientes de un j\u00f3ven profesional muchas veces pueden resultar un problema para \u00e9ste. Es que, si bien el novel abogado cuenta con la formaci\u00f3n te\u00f3rica necesaria en relaci\u00f3n al caso, a\u00fan carece de la pr\u00e1ctica suficiente que le permitir\u00e1 volcar dichos conocimientos al caso concreto.<\/p>\n<p>Asimismo, el tiempo que le demandar\u00eda al novel profesional realizar un curso que responda sus dudas, probablemente implique que \u00e9ste perder\u00e1 al cliente. Por otra parte, los foros que existen en internet para \u00abresolver dudas\u00bb muchas veces no son confiables.<\/p>\n<p>A fin de resolver esta problem\u00e1tica, desde el Centro de Capacitaci\u00f3n Juan B. Alberdi brindamos un \u00abServicio de Asesoramiento Personalizado\u00bb que se encuentra dirigido a estudiantes avanzados de derecho y j\u00f3venes profesionales que requieran obtener un asesoramiento personalizado para un \u00e1rea en espec\u00edfico.<\/p>\n","protected":false},"excerpt":{"rendered":"<p>Desde el Centro de Capacitaci\u00f3n Juan B. Alberdi brindamos un \u00abServicio de Asesoramiento Personalizado\u00bb que se encuentra dirigido a estudiantes avanzados de derecho y j\u00f3venes profesionales que requieran obtener un asesoramiento personalizado para un \u00e1rea en espec\u00edfico. En particular, qui\u00e9n contrate este servicio, obtendr\u00e1 una entrevista online con un profesional en la materia, donde se evacuar\u00e1 de manera detallada cualquier consulta que pueda tener en relaci\u00f3n a las siguientes \u00e1reas del derecho:<\/p>\n<p>&#8211; Derecho Civil<\/p>\n<p>&#8211; Derecho de Familia<\/p>\n<p>&#8211; Derecho de Da\u00f1os<\/p>\n<p>&#8211; Procesos Constitucionales.<\/p>\n<p>El tiempo estimado de la entrevista ser\u00e1 de una hora, sin perjuicio que, por alg\u00fan motivo pueda extenderse m\u00e1s tiempo sin que sea necesario abonar ning\u00fan monto adicional.<\/p>\n","protected":false},"featured_media":25909,"comment_status":"open","ping_status":"closed","template":"","meta":{"site-sidebar-layout":"default","site-content-layout":"","ast-site-content-layout":"default","site-content-style":"default","site-sidebar-style":"default","ast-global-header-display":"","ast-banner-title-visibility":"","ast-main-header-display":"","ast-hfb-above-header-display":"","ast-hfb-below-header-display":"","ast-hfb-mobile-header-display":"","site-post-title":"","ast-breadcrumbs-content":"","ast-featured-img":"","footer-sml-layout":"","theme-transparent-header-meta":"default","adv-header-id-meta":"","stick-header-meta":"","header-above-stick-meta":"","header-main-stick-meta":"","header-below-stick-meta":"","astra-migrate-meta-layouts":"set","ast-page-background-enabled":"default","ast-page-background-meta":{"desktop":{"background-color":"","background-image":"","background-repeat":"repeat","background-position":"center center","background-size":"auto","background-attachment":"scroll","background-type":"","background-media":"","overlay-type":"","overlay-color":"","overlay-gradient":""},"tablet":{"background-color":"","background-image":"","background-repeat":"repeat","background-position":"center center","background-size":"auto","background-attachment":"scroll","background-type":"","background-media":"","overlay-type":"","overlay-color":"","overlay-gradient":""},"mobile":{"background-color":"","background-image":"","background-repeat":"repeat","background-position":"center center","background-size":"auto","background-attachment":"scroll","background-type":"","background-media":"","overlay-type":"","overlay-color":"","overlay-gradient":""}},"ast-content-background-meta":{"desktop":{"background-color":"var(--ast-global-color-5)","background-image":"","background-repeat":"repeat","background-position":"center center","background-size":"auto","background-attachment":"scroll","background-type":"","background-media":"","overlay-type":"","overlay-color":"","overlay-gradient":""},"tablet":{"background-color":"var(--ast-global-color-5)","background-image":"","background-repeat":"repeat","background-position":"center center","background-size":"auto","background-attachment":"scroll","background-type":"","background-media":"","overlay-type":"","overlay-color":"","overlay-gradient":""},"mobile":{"background-color":"var(--ast-global-color-5)","background-image":"","background-repeat":"repeat","background-position":"center center","background-size":"auto","background-attachment":"scroll","background-type":"","background-media":"","overlay-type":"","overlay-color":"","overlay-gradient":""}}},"product_cat":[59],"product_tag":[],"_links":{"self":[{"href":"https:\/\/cecapro-alberdi.com\/index.php\/wp-json\/wp\/v2\/product\/25878"}],"collection":[{"href":"https:\/\/cecapro-alberdi.com\/index.php\/wp-json\/wp\/v2\/product"}],"about":[{"href":"https:\/\/cecapro-alberdi.com\/index.php\/wp-json\/wp\/v2\/types\/product"}],"replies":[{"embeddable":true,"href":"https:\/\/cecapro-alberdi.com\/index.php\/wp-json\/wp\/v2\/comments?post=25878"}],"wp:featuredmedia":[{"embeddable":true,"href":"https:\/\/cecapro-alberdi.com\/index.php\/wp-json\/wp\/v2\/media\/25909"}],"wp:attachment":[{"href":"https:\/\/cecapro-alberdi.com\/index.php\/wp-json\/wp\/v2\/media?parent=25878"}],"wp:term":[{"taxonomy":"product_cat","embeddable":true,"href":"https:\/\/cecapro-alberdi.com\/index.php\/wp-json\/wp\/v2\/product_cat?post=25878"},{"taxonomy":"product_tag","embeddable":true,"href":"https:\/\/cecapro-alberdi.com\/index.php\/wp-json\/wp\/v2\/product_tag?post=25878"}],"curies":[{"name":"wp","href":"https:\/\/api.w.org\/{rel}","templated":true}]}}