{"id":26142,"date":"2023-11-07T18:05:50","date_gmt":"2023-11-07T21:05:50","guid":{"rendered":"https:\/\/cecapro-alberdi.com\/?page_id=26142"},"modified":"2023-11-07T19:02:57","modified_gmt":"2023-11-07T22:02:57","slug":"te-gustaria-formar-parte-de-nuestro-equipo-de-profesores","status":"publish","type":"page","link":"https:\/\/cecapro-alberdi.com\/index.php\/te-gustaria-formar-parte-de-nuestro-equipo-de-profesores\/","title":{"rendered":"\u00bfTe gustar\u00eda formar parte de nuestro Equipo de Profesores?"},"content":{"rendered":"\t\t<div data-elementor-type=\"wp-page\" data-elementor-id=\"26142\" class=\"elementor elementor-26142\">\n\t\t\t\t\t\t<section class=\"elementor-section elementor-top-section elementor-element elementor-element-b9d1a91 elementor-section-boxed elementor-section-height-default elementor-section-height-default\" data-id=\"b9d1a91\" data-element_type=\"section\" data-settings=\"{&quot;background_background&quot;:&quot;slideshow&quot;,&quot;background_slideshow_gallery&quot;:[{&quot;id&quot;:25285,&quot;url&quot;:&quot;http:\\\/\\\/cecapro-alberdi.com\\\/wp-content\\\/uploads\\\/2023\\\/09\\\/IMG-20170120-WA0012.jpg&quot;},{&quot;id&quot;:25286,&quot;url&quot;:&quot;http:\\\/\\\/cecapro-alberdi.com\\\/wp-content\\\/uploads\\\/2023\\\/09\\\/IMG-20170120-WA0017.jpg&quot;},{&quot;id&quot;:25287,&quot;url&quot;:&quot;http:\\\/\\\/cecapro-alberdi.com\\\/wp-content\\\/uploads\\\/2023\\\/09\\\/IMG-20170120-WA0018.jpg&quot;},{&quot;id&quot;:25288,&quot;url&quot;:&quot;http:\\\/\\\/cecapro-alberdi.com\\\/wp-content\\\/uploads\\\/2023\\\/09\\\/IMG-20170120-WA0021.jpg&quot;},{&quot;id&quot;:25223,&quot;url&quot;:&quot;http:\\\/\\\/cecapro-alberdi.com\\\/wp-content\\\/uploads\\\/2023\\\/09\\\/Sin-titulo-2.png&quot;}],&quot;background_slideshow_slide_transition&quot;:&quot;slide_left&quot;,&quot;background_slideshow_loop&quot;:&quot;yes&quot;,&quot;background_slideshow_slide_duration&quot;:5000,&quot;background_slideshow_transition_duration&quot;:500}\">\n\t\t\t\t\t\t\t<div class=\"elementor-background-overlay\"><\/div>\n\t\t\t\t\t\t\t<div class=\"elementor-container elementor-column-gap-default\">\n\t\t\t\t\t<div class=\"elementor-column elementor-col-100 elementor-top-column elementor-element elementor-element-c1f12a8\" data-id=\"c1f12a8\" data-element_type=\"column\">\n\t\t\t<div class=\"elementor-widget-wrap elementor-element-populated\">\n\t\t\t\t\t\t<div class=\"elementor-element elementor-element-eb84032 elementor-invisible elementor-widget elementor-widget-heading\" data-id=\"eb84032\" data-element_type=\"widget\" data-settings=\"{&quot;_animation&quot;:&quot;fadeInDown&quot;}\" data-widget_type=\"heading.default\">\n\t\t\t\t<div class=\"elementor-widget-container\">\n\t\t\t\t\t<h2 class=\"elementor-heading-title elementor-size-default\">\u00bfTE GUSTAR\u00cdA FORMAR PARTE DE NUESTRO EQUIPO DE PROFESORES?<\/h2>\t\t\t\t<\/div>\n\t\t\t\t<\/div>\n\t\t\t\t\t<\/div>\n\t\t<\/div>\n\t\t\t\t\t<\/div>\n\t\t<\/section>\n\t\t\t\t<section class=\"elementor-section elementor-top-section elementor-element elementor-element-2f45320 elementor-section-height-full elementor-section-boxed elementor-section-height-default elementor-section-items-middle\" data-id=\"2f45320\" data-element_type=\"section\">\n\t\t\t\t\t\t<div class=\"elementor-container elementor-column-gap-default\">\n\t\t\t\t\t<div class=\"elementor-column elementor-col-50 elementor-top-column elementor-element elementor-element-90ee16a\" data-id=\"90ee16a\" data-element_type=\"column\">\n\t\t\t<div class=\"elementor-widget-wrap elementor-element-populated\">\n\t\t\t\t\t\t<div class=\"elementor-element elementor-element-f222ff2 elementor-widget elementor-widget-heading\" data-id=\"f222ff2\" data-element_type=\"widget\" data-widget_type=\"heading.default\">\n\t\t\t\t<div class=\"elementor-widget-container\">\n\t\t\t\t\t<h2 class=\"elementor-heading-title elementor-size-default\">\u00a1Forma parte de nuestro Equipo de Profesores!<\/h2>\t\t\t\t<\/div>\n\t\t\t\t<\/div>\n\t\t\t\t<div class=\"elementor-element elementor-element-c518ab2 elementor-widget-divider--view-line elementor-widget elementor-widget-divider\" data-id=\"c518ab2\" data-element_type=\"widget\" data-widget_type=\"divider.default\">\n\t\t\t\t<div class=\"elementor-widget-container\">\n\t\t\t\t\t\t\t<div class=\"elementor-divider\">\n\t\t\t<span class=\"elementor-divider-separator\">\n\t\t\t\t\t\t<\/span>\n\t\t<\/div>\n\t\t\t\t\t\t<\/div>\n\t\t\t\t<\/div>\n\t\t\t\t<div class=\"elementor-element elementor-element-0f0cae0 elementor-widget elementor-widget-text-editor\" data-id=\"0f0cae0\" data-element_type=\"widget\" data-widget_type=\"text-editor.default\">\n\t\t\t\t<div class=\"elementor-widget-container\">\n\t\t\t\t\t\t\t\t\t<p>Si eres abogado, te consideras experto en alguna \u00e1rea del derecho desde un punto de vista pr\u00e1cticto y te gustar\u00eda transmitir tus conocimientos a j\u00f3venes cologeas o estudiantes de derecho, no dudes en escribirnos&#8230; \u00a1Tenemos una propuesta para t\u00ed!<\/p>\t\t\t\t\t\t\t\t<\/div>\n\t\t\t\t<\/div>\n\t\t\t\t<div class=\"elementor-element elementor-element-7ec397c elementor-widget-divider--view-line elementor-widget elementor-widget-divider\" data-id=\"7ec397c\" data-element_type=\"widget\" data-widget_type=\"divider.default\">\n\t\t\t\t<div class=\"elementor-widget-container\">\n\t\t\t\t\t\t\t<div class=\"elementor-divider\">\n\t\t\t<span class=\"elementor-divider-separator\">\n\t\t\t\t\t\t<\/span>\n\t\t<\/div>\n\t\t\t\t\t\t<\/div>\n\t\t\t\t<\/div>\n\t\t\t\t<div class=\"elementor-element elementor-element-b470e6b elementor-widget elementor-widget-text-editor\" data-id=\"b470e6b\" data-element_type=\"widget\" data-widget_type=\"text-editor.default\">\n\t\t\t\t<div class=\"elementor-widget-container\">\n\t\t\t\t\t\t\t\t\t<p>Entonces, los requisitos para formar parte de nuestro Equipo son:<\/p><p>&#8211; Ser abogado.<\/p><p>&#8211; Tener experiencia profesional en un \u00e1rea del derecho.<\/p><p>&#8211; Vocaci\u00f3n docente.<\/p><p>\u00a0<\/p>\t\t\t\t\t\t\t\t<\/div>\n\t\t\t\t<\/div>\n\t\t\t\t\t<\/div>\n\t\t<\/div>\n\t\t\t\t<div class=\"elementor-column elementor-col-50 elementor-top-column elementor-element elementor-element-bcf74b0\" data-id=\"bcf74b0\" data-element_type=\"column\">\n\t\t\t<div class=\"elementor-widget-wrap elementor-element-populated\">\n\t\t\t\t\t\t<div class=\"elementor-element elementor-element-8660980 elementor-widget elementor-widget-wpforms\" data-id=\"8660980\" data-element_type=\"widget\" data-widget_type=\"wpforms.default\">\n\t\t\t\t<div class=\"elementor-widget-container\">\n\t\t\t\t\t<div class=\"wpforms-container \" id=\"wpforms-26144\"><form id=\"wpforms-form-26144\" class=\"wpforms-validate wpforms-form wpforms-ajax-form\" data-formid=\"26144\" method=\"post\" enctype=\"multipart\/form-data\" action=\"\/index.php\/wp-json\/wp\/v2\/pages\/26142\" data-token=\"6fee7f9266e41cd46ff7954471b26ec2\" data-token-time=\"1778068478\"><noscript class=\"wpforms-error-noscript\">Por favor, activa JavaScript en tu navegador para completar este formulario.<\/noscript><div class=\"wpforms-field-container\"><div id=\"wpforms-26144-field_0-container\" class=\"wpforms-field wpforms-field-name\" data-field-id=\"0\"><label class=\"wpforms-field-label\">Nombre del docente <span class=\"wpforms-required-label\">*<\/span><\/label><div class=\"wpforms-field-row wpforms-field-large\"><div class=\"wpforms-field-row-block wpforms-first wpforms-one-half\"><input type=\"text\" id=\"wpforms-26144-field_0\" class=\"wpforms-field-name-first wpforms-field-required\" name=\"wpforms[fields][0][first]\" required><label for=\"wpforms-26144-field_0\" class=\"wpforms-field-sublabel after\">Nombre<\/label><\/div><div class=\"wpforms-field-row-block wpforms-one-half\"><input type=\"text\" id=\"wpforms-26144-field_0-last\" class=\"wpforms-field-name-last wpforms-field-required\" name=\"wpforms[fields][0][last]\" required><label for=\"wpforms-26144-field_0-last\" class=\"wpforms-field-sublabel after\">Apellidos<\/label><\/div><\/div><\/div><div id=\"wpforms-26144-field_4-container\" class=\"wpforms-field wpforms-field-email\" data-field-id=\"4\"><label class=\"wpforms-field-label\" for=\"wpforms-26144-field_4\">Email <span class=\"wpforms-required-label\">*<\/span><\/label><input type=\"email\" id=\"wpforms-26144-field_4\" class=\"wpforms-field-large wpforms-field-required\" name=\"wpforms[fields][4]\" spellcheck=\"false\" required><\/div><div id=\"wpforms-26144-field_8-container\" class=\"wpforms-field wpforms-field-number\" data-field-id=\"8\"><label class=\"wpforms-field-label\" for=\"wpforms-26144-field_8\">Tel\u00e9fono de contacto<\/label><input type=\"number\" id=\"wpforms-26144-field_8\" class=\"wpforms-field-medium\" name=\"wpforms[fields][8]\" step=\"any\" ><\/div><div id=\"wpforms-26144-field_5-container\" class=\"wpforms-field wpforms-field-radio wpforms-list-2-columns\" data-field-id=\"5\"><label class=\"wpforms-field-label\">Soy Especialista en... <span class=\"wpforms-required-label\">*<\/span><\/label><ul id=\"wpforms-26144-field_5\" class=\"wpforms-field-required\"><li class=\"choice-1 depth-1\"><input type=\"radio\" id=\"wpforms-26144-field_5_1\" name=\"wpforms[fields][5]\" value=\"Derecho Procesal Civil y  Comercial\" required ><label class=\"wpforms-field-label-inline\" for=\"wpforms-26144-field_5_1\">Derecho Procesal Civil y  Comercial<\/label><\/li><li class=\"choice-2 depth-1\"><input type=\"radio\" id=\"wpforms-26144-field_5_2\" name=\"wpforms[fields][5]\" value=\"Derecho Laboral\" required ><label class=\"wpforms-field-label-inline\" for=\"wpforms-26144-field_5_2\">Derecho Laboral<\/label><\/li><li class=\"choice-4 depth-1\"><input type=\"radio\" id=\"wpforms-26144-field_5_4\" name=\"wpforms[fields][5]\" value=\"Derecho de Familia\" required ><label class=\"wpforms-field-label-inline\" for=\"wpforms-26144-field_5_4\">Derecho de Familia<\/label><\/li><li class=\"choice-5 depth-1\"><input type=\"radio\" id=\"wpforms-26144-field_5_5\" name=\"wpforms[fields][5]\" value=\"Derecho Administrativo\" required ><label class=\"wpforms-field-label-inline\" for=\"wpforms-26144-field_5_5\">Derecho Administrativo<\/label><\/li><li class=\"choice-6 depth-1\"><input type=\"radio\" id=\"wpforms-26144-field_5_6\" name=\"wpforms[fields][5]\" value=\"Procesos Constitucionales\" required ><label class=\"wpforms-field-label-inline\" for=\"wpforms-26144-field_5_6\">Procesos Constitucionales<\/label><\/li><li class=\"choice-7 depth-1\"><input type=\"radio\" id=\"wpforms-26144-field_5_7\" name=\"wpforms[fields][5]\" value=\"Derecho Penal\" required ><label class=\"wpforms-field-label-inline\" for=\"wpforms-26144-field_5_7\">Derecho Penal<\/label><\/li><li class=\"choice-8 depth-1\"><input type=\"radio\" id=\"wpforms-26144-field_5_8\" name=\"wpforms[fields][5]\" value=\"Otras ramas del derecho\" required ><label class=\"wpforms-field-label-inline\" for=\"wpforms-26144-field_5_8\">Otras ramas del derecho<\/label><\/li><\/ul><\/div><div id=\"wpforms-26144-field_2-container\" class=\"wpforms-field wpforms-field-textarea\" data-field-id=\"2\"><label class=\"wpforms-field-label\" for=\"wpforms-26144-field_2\">Me gustar\u00eda formar parte de su Equipo de Profesores porque...<\/label><textarea id=\"wpforms-26144-field_2\" class=\"wpforms-field-medium\" name=\"wpforms[fields][2]\" ><\/textarea><\/div><\/div><!-- .wpforms-field-container --><div class=\"wpforms-submit-container\" ><input type=\"hidden\" name=\"wpforms[id]\" value=\"26144\"><input type=\"hidden\" name=\"page_title\" value=\"\"><input type=\"hidden\" name=\"page_url\" value=\"https:\/\/cecapro-alberdi.com\/index.php\/wp-json\/wp\/v2\/pages\/26142\"><input type=\"hidden\" name=\"url_referer\" value=\"\"><button type=\"submit\" name=\"wpforms[submit]\" id=\"wpforms-submit-26144\" class=\"wpforms-submit\" data-alt-text=\"Enviando...\" data-submit-text=\"Enviar\" aria-live=\"assertive\" value=\"wpforms-submit\">Enviar<\/button><img decoding=\"async\" src=\"https:\/\/cecapro-alberdi.com\/wp-content\/plugins\/wpforms-lite\/assets\/images\/submit-spin.svg\" class=\"wpforms-submit-spinner\" style=\"display: none;\" width=\"26\" height=\"26\" alt=\"Cargando\"><\/div><\/form><\/div>  <!-- .wpforms-container -->\t\t\t\t<\/div>\n\t\t\t\t<\/div>\n\t\t\t\t\t<\/div>\n\t\t<\/div>\n\t\t\t\t\t<\/div>\n\t\t<\/section>\n\t\t\t\t<\/div>\n\t\t","protected":false},"excerpt":{"rendered":"<p>\u00bfTE GUSTAR\u00cdA FORMAR PARTE DE NUESTRO EQUIPO DE PROFESORES? \u00a1Forma parte de nuestro Equipo de Profesores! Si eres abogado, te consideras experto en alguna \u00e1rea del derecho desde un punto de vista pr\u00e1cticto y te gustar\u00eda transmitir tus conocimientos a j\u00f3venes cologeas o estudiantes de derecho, no dudes en escribirnos&#8230; \u00a1Tenemos una propuesta para t\u00ed! [&hellip;]<\/p>\n","protected":false},"author":6,"featured_media":0,"parent":0,"menu_order":0,"comment_status":"closed","ping_status":"closed","template":"","meta":{"site-sidebar-layout":"no-sidebar","site-content-layout":"page-builder","ast-site-content-layout":"full-width-container","site-content-style":"default","site-sidebar-style":"default","ast-global-header-display":"","ast-banner-title-visibility":"","ast-main-header-display":"","ast-hfb-above-header-display":"","ast-hfb-below-header-display":"","ast-hfb-mobile-header-display":"","site-post-title":"disabled","ast-breadcrumbs-content":"","ast-featured-img":"disabled","footer-sml-layout":"","theme-transparent-header-meta":"","adv-header-id-meta":"","stick-header-meta":"","header-above-stick-meta":"","header-main-stick-meta":"","header-below-stick-meta":"","astra-migrate-meta-layouts":"set","ast-page-background-enabled":"default","ast-page-background-meta":{"desktop":{"background-color":"","background-image":"","background-repeat":"repeat","background-position":"center center","background-size":"auto","background-attachment":"scroll","background-type":"","background-media":"","overlay-type":"","overlay-color":"","overlay-gradient":""},"tablet":{"background-color":"","background-image":"","background-repeat":"repeat","background-position":"center center","background-size":"auto","background-attachment":"scroll","background-type":"","background-media":"","overlay-type":"","overlay-color":"","overlay-gradient":""},"mobile":{"background-color":"","background-image":"","background-repeat":"repeat","background-position":"center center","background-size":"auto","background-attachment":"scroll","background-type":"","background-media":"","overlay-type":"","overlay-color":"","overlay-gradient":""}},"ast-content-background-meta":{"desktop":{"background-color":"var(--ast-global-color-5)","background-image":"","background-repeat":"repeat","background-position":"center center","background-size":"auto","background-attachment":"scroll","background-type":"","background-media":"","overlay-type":"","overlay-color":"","overlay-gradient":""},"tablet":{"background-color":"var(--ast-global-color-5)","background-image":"","background-repeat":"repeat","background-position":"center center","background-size":"auto","background-attachment":"scroll","background-type":"","background-media":"","overlay-type":"","overlay-color":"","overlay-gradient":""},"mobile":{"background-color":"var(--ast-global-color-5)","background-image":"","background-repeat":"repeat","background-position":"center center","background-size":"auto","background-attachment":"scroll","background-type":"","background-media":"","overlay-type":"","overlay-color":"","overlay-gradient":""}},"footnotes":""},"_links":{"self":[{"href":"https:\/\/cecapro-alberdi.com\/index.php\/wp-json\/wp\/v2\/pages\/26142"}],"collection":[{"href":"https:\/\/cecapro-alberdi.com\/index.php\/wp-json\/wp\/v2\/pages"}],"about":[{"href":"https:\/\/cecapro-alberdi.com\/index.php\/wp-json\/wp\/v2\/types\/page"}],"author":[{"embeddable":true,"href":"https:\/\/cecapro-alberdi.com\/index.php\/wp-json\/wp\/v2\/users\/6"}],"replies":[{"embeddable":true,"href":"https:\/\/cecapro-alberdi.com\/index.php\/wp-json\/wp\/v2\/comments?post=26142"}],"version-history":[{"count":7,"href":"https:\/\/cecapro-alberdi.com\/index.php\/wp-json\/wp\/v2\/pages\/26142\/revisions"}],"predecessor-version":[{"id":26152,"href":"https:\/\/cecapro-alberdi.com\/index.php\/wp-json\/wp\/v2\/pages\/26142\/revisions\/26152"}],"wp:attachment":[{"href":"https:\/\/cecapro-alberdi.com\/index.php\/wp-json\/wp\/v2\/media?parent=26142"}],"curies":[{"name":"wp","href":"https:\/\/api.w.org\/{rel}","templated":true}]}}